 remainder when 69 is divided by r(-10).
6
Let c(p) = -15*p + 20. Calculate the remainder when c(-7) is divided by 16.
13
Let i(m) = 2*m - 21. What is the remainder when 35 is divided by i(15)?
8
Let p = 33 - 25. Let z = -1 + p. What is the remainder when 11 is divided by z?
4
Let b(z) = -5*z**2 + 4 + z**2 + 4*z + 6*z**2 - z**2. Let x be (1 + 3)*(-2)/2. Calculate the remainder when 11 is divided by b(x).
3
Suppose 10*l + 144 = 19*l. Calculate the remainder when 29 is divided by l.
13
What is the remainder when (3/(-24)*38)/((-2)/32) is divided by 6?
4
Let s(x) = -2*x**3 - 5*x**2 - 4*x - 4. Suppose d + 12 = 3*d. What is the remainder when s(-3) is divided by d?
5
Suppose -2*d + 17 = -3*q, -d = -6*d + 3*q + 38. Let w(x) = 3*x + 8. What is the remainder when w(d) is divided by 10?
9
Let h(p) = p + 9. Let j = 41 + -38. What is the remainder when j is divided by h(-8)?
0
Let j be -2 + (0 - -2) + -3. Let c(w) = -3*w + 1. What is the remainder when -1 - -9*10/3 is divided by c(j)?
9
Let k be (-2)/(-7) + (-46)/14. Let j be (k/(-2))/(3/4). Suppose 2*d = -j*d + 24. What is the remainder when 17 is divided by d?
5
Let d = 8 + 3. Calculate the remainder when 2/(1 - 10/d) is divided by 12.
10
Let r(j) = -j**3 - 6*j**2 - 4*j + 6. Let y = 90 + -87. Calculate the remainder when y is divided by r(-5).
0
Suppose -3*b = u - 2*u - 5, 3*b - 29 = -5*u. Suppose -6*y + 42 = -b*y. Calculate the remainder when 39 is divided by y.
11
Let h = 32 + -18. Let x = -5 + 7. Suppose -3 = -f - x*v, -2*f + 5*v = -5*f + 10. Calculate the remainder when h is divided by f.
4
Calculate the remainder when (30/8)/(-5) + 108/16 is divided by 4.
2
What is the remainder when (26 - 4) + 1 + 2 is divided by 9?
7
Let i(v) = 2*v + 0*v**2 - 7*v**2 - v**2 + 8 + 2*v**2 - v**3. Calculate the remainder when i(-7) is divided by 15.
13
Let o(z) be the second derivative of 5*z**3/6 - 3*z**2/2 - 2*z. Let s(a) = -a**3 + a**2 + a. Calculate the remainder when s(-3) is divided by o(4).
16
Calculate the remainder when (-1898)/(-25) + (-2)/(-25) is divided by 16.
12
What is the remainder when 43 is divided by ((-10)/4)/(10/(-60))?
13
Let g be (-152)/10 - 1/(-5). Let r be (-30)/(-4)*(-12)/g. Suppose -m + 2 = -r. Calculate the remainder when m is divided by 3.
2
Suppose i + 0*i = 0. Suppose i*f + 32 = 4*f. Calculate the remainder when f is divided by 4.
0
Let k(g) = g**3 - 3*g**2 + 4. Let l = 2 - 2. Let q = l - -14. What is the remainder when q is divided by k(3)?
2
Let g = 10 - 10. Suppose g = -2*b + b. Suppose w - 5*w + 8 = b. What is the remainder when 5 is divided by w?
1
Let r = -2 + 11. Suppose -5*z + 89 = -1. What is the remainder when (11/(-3))/((-1)/r) is divided by z?
15
Let n = 17 + 0. Calculate the remainder when n is divided by 9.
8
Let p(s) = 11*s**2 + 1. Let w be p(-1). Suppose w = -5*d + 37. Let a = 8 + 0. Calculate the remainder when a is divided by d.
3
What is the remainder when 32 is divided by (2 - (8/(-2))/(-4))*13?
6
Suppose 80 + 588 = 4*f. Suppose -45 = -4*m + f. What is the remainder when m is divided by -2*(-57)/6 + -1?
17
Suppose 0 = 2*w + 5*k - 48, 54 = 3*w + 3*k - 18. Let s = -3 - -12. Calculate the remainder when w is divided by s.
6
Let v = -5 - -11. Calculate the remainder when 16 is divided by v.
4
Suppose -4*s + s = -141. Suppose 3*l + 5 - s = 0. What is the remainder when l is divided by 8?
6
Let u = -34 + 48. What is the remainder when 40 is divided by u?
12
Suppose -5*h + 18 = -2. Suppose h*n + 4 = 28. Suppose -3*l + 2 = -p - 6, l - p = 0. What is the remainder when n is divided by l?
2
Suppose 4*o = 9*o - 165. What is the remainder when o is divided by 18?
15
Let g(a) = 3*a**2 - 8*a - 8. Calculate the remainder when g(6) is divided by 11.
8
Let w be ((-6)/10)/(3/(-15)). Suppose 5 = 2*m - w. Let l = 3 + m. Calculate the remainder when 13 is divided by l.
6
Let l = 24 + -13. Suppose -2*x + 19 = o - 0*o, 4*x + 46 = 2*o. Calculate the remainder when o is divided by l.
10
What is the remainder when 27 is divided by 3 + (1 - -4) + 3?
5
Let u = -7 + 16. Calculate the remainder when (-12)/(-21) + 303/21 is divided by u.
6
Let w = -4 + 7. Suppose 880 = 2*m + w*m. Suppose m = 2*y + 2*y. Calculate the remainder when y is divided by 15.
14
Let o be 2 + (-1)/(3/(-9)). Suppose -35 = -o*m + 65. What is the remainder when m is divided by 46/6 + 4/(-6)?
6
Let g(k) = 5*k**2 + 1. Let w = -28 - -18. What is the remainder when (-4 + 0)/(w/25) is divided by g(1)?
4
Let h(d) = -d**2 - d - 8. Let g(q) = -5*q**2 + q. Let z be g(-1). Let r be h(z). Let f = 11 - r. What is the remainder when f is divided by 17?
15
Let o = 65 + -38. What is the remainder when o is divided by 10?
7
Suppose -4*g = -g. Let j be 1 + (g/2 - 2). Calculate the remainder when 29 - (3 - 4)*j is divided by 10.
8
Suppose -x + 0 = -1. Calculate the remainder when (3 - 1) + 0 + x is divided by ((-4)/8)/((-2)/8).
1
Suppose 3*c - 24 - 24 = 0. Calculate the remainder when c is divided by ((-24)/10 + 0)/(8/(-20)).
4
Let r(w) = -2*w - w + 8 + 2*w. Let k be r(8). Suppose 3*z - 52 - 83 = k. Calculate the remainder when z is divided by 12.
9
Let p = -4 + 7. Suppose 0 = 4*w + 5*g - 25 + 2, -4*w = -2*g - 58. Let r = 16 - w. What is the remainder when r is divided by p?
1
Suppose l + 6 = -0*l. Let h = 58 + -39. Calculate the remainder when h is divided by l/4*(-20)/3.
9
Suppose 5*g + 5*n - 115 = 0, -3*g + 3*n - 93 = -7*g. Calculate the remainder when 94 is divided by g.
22
Calculate the remainder when (-1)/(2/6 - (-104)/(-303)) is divided by 34.
33
Let z = -107 - -124. Let n(t) = -16*t + 1. Calculate the remainder when n(-4) is divided by z.
14
Suppose -2*q = 7 - 19. Let x(p) = p**2 + 4*p. Let d be x(-7). Suppose -2*l + 42 = 2*h, -3*h + 2*l + 22 = -d. What is the remainder when h is divided by q?
5
Suppose -3545 = -5*v - j, 0*j - j - 2827 = -4*v. Calculate the remainder when v/18 + (-4)/(-6) is divided by 21.
19
Let n = -4 - -6. Suppose 0 = -3*p - 0 + 42. Suppose 4*c = 2*c + b + p, 3*c - n*b = 19. What is the remainder when 26 is divided by c?
8
Let z(f) = f**3 + 4*f**2 - 3*f + 8. Suppose -4*w = -3*c + 18, -3*c - c = 8. Let p be z(w). What is the remainder when 35 is divided by 3/6 + p/(-4)?
11
Let f(k) be the third derivative of -k**5/60 + 7*k**4/24 - k**3 - k**2. What is the remainder when f(5) is divided by 2?
0
Let t(f) = -3 - 4*f**2 + 0*f**2 + 3*f**2 - 9*f. Let p be t(-8). Suppose 5*j = 3*x + 43, -4*j - p*x = j - 35. Calculate the remainder when j is divided by 5.
3
Suppose -4*x = -4*o - 10 - 30, -30 = -4*x - o. Calculate the remainder when 22 is divided by ((-6)/8)/((-1)/x).
4
Let p(w) = w**2 + 3*w + 4. Suppose 4*k = 45 + 11. What is the remainder when k is divided by p(-4)?
6
Let d(q) = q + 1. Let v(s) = 5*s**2. Let z be 1/5 - 11/5. What is the remainder when v(z) is divided by d(6)?
6
Let g be 2 - (288/1)/(-4). Let a = g + -40. Suppose 3*h - 29 + 2 = 0. What is the remainder when a is divided by h?
7
Let j = -3 + 13. Suppose 12 = q + q. What is the remainder when j is divided by q?
4
Suppose -258 = -4*m + w, -3*w + 221 + 29 = 4*m. What is the remainder when m is divided by 11?
9
Let s(a) = a**2 - 8*a + 9. Let o(f) = -f + 3. Let u be o(6). Let b(c) = -c**2 - 3*c + 1. What is the remainder when s(7) is divided by b(u)?
0
Let i = -86 - -181. Calculate the remainder when i is divided by (-19 + 3)*(-1 + -1).
31
Let t(s) = s**2 - 10*s + 30. What is the remainder when 28 is divided by t(6)?
4
Suppose -4*q = -0*q - 36. Suppose -2*z = 4*l - 2*l - 2, 3*z - q = -l. Calculate the remainder when z is divided by 3.
1
Suppose 2*s + 8 = -2*n + 34, 4*n - 1 = -s. Calculate the remainder when s is divided by 9.
8
Let z(s) = -2*s + 2. Let c be z(6). Let x = -6 - c. What is the remainder when x is divided by 2?
0
Suppose 0*t - 4*t = -x - 12, -2*x = t - 3. Suppose 3*a + j = 9, -2*a - t*j - 5 = -6*j. Calculate the remainder when 3 is divided by a.
1
Suppose 3*x = 4*f - 48, -4*f + 5*x + 59 - 3 = 0. Suppose -4*y - 5*n + 20 = 0, 3*y - n = -0*n + 34. What is the remainder when 6/(-15) + 154/y is divided by f?
6
Let f be ((1*18)/3)/1. Let t(a) = 4*a - 1. Let x be t(-1). Let c = x + f. What is the remainder when 2 is divided by c?
0
Let w(q) = q**2 - 6*q + 3. Let x be w(7). Let c = x - 7. Calculate the remainder when 10 is divided by c.
1
What is the rem